 -28. What is the units digit of y?
2
Let m(y) be the third derivative of y**4/8 + y**3/2 - 2*y**2. What is the tens digit of m(8)?
2
Suppose c = 5*k, -2*c - k = -8 - 14. Suppose 0 = -8*f + c*f - 74. What is the units digit of f?
7
Let z be 1*(7 + 0 + -1). Let g = -4 + z. Suppose -2*l + 5*c = -11, 3*c - 1 = g*c. What is the units digit of l?
8
Let h = -35 + 52. What is the units digit of h?
7
Suppose -7*i = -659 - 951. What is the hundreds digit of i?
2
Let j(y) = -y**3 + 12*y**2 - 4*y - 6. What is the tens digit of j(8)?
1
Let b = -58 + 104. What is the tens digit of b?
4
Let l(t) = t**2 - 8*t - 5. Let s be l(10). Suppose -5*j + 16 = -3*f, -5*f - s = -5*j - 5. What is the units digit of j?
5
Let n(y) be the first derivative of y**4/4 + 3*y**3 + y**2/2 + 9*y + 3. Let b be n(-9). Let r = b - -4. What is the units digit of r?
4
What is the units digit of -3 + 2 - 170/(-5)?
3
Let j(w) = -2*w + 5. Let q = -15 - -9. What is the units digit of j(q)?
7
Suppose k - 10 = -3. Suppose 3*s - 2*s - k = 0. What is the units digit of s?
7
Suppose 6*r - 260 = 2*r. What is the units digit of r?
5
Let l(b) = 3*b**3 - 4*b**2 - 1. What is the units digit of l(3)?
4
Let v be 18/5 + 4/10. Suppose 4*y = -2*u + 6, -v*u - 4*y + 20 = -0*y. What is the units digit of u?
7
What is the tens digit of -3*2*17/(-6)?
1
What is the hundreds digit of 32*(9/6 + 4)?
1
Suppose 3*s + 2*b - 15 = 0, -s - 3*b = 2*b + 8. What is the units digit of s?
7
Let p(j) = 13*j**2 - 12*j - 7. What is the hundreds digit of p(-4)?
2
Let l = -66 + 102. What is the tens digit of l?
3
Let r = 67 - 44. What is the tens digit of r?
2
Let i(h) be the first derivative of -h**4/4 - 7*h**3/3 - h**2/2 - 4*h - 2. Suppose -11 = 3*j + 4, -j - 12 = a. What is the units digit of i(a)?
3
Let r(l) = l**2 - 5*l - 5. What is the units digit of r(7)?
9
Let q(p) = 8*p - 9. What is the hundreds digit of q(18)?
1
Let l be 6 - (0 - 1 - -4). Suppose -5*h + 18 = -l*h. What is the units digit of h?
9
What is the tens digit of (45/30)/((-2)/(-52))?
3
Suppose 5*x - 6*x = -3*j + 3, 12 = 4*x. Suppose -104 = -6*p + j*p. What is the tens digit of p?
2
Suppose -5*p + 10 + 3 = b, 5*b - 2*p = -16. Let u be 20 + (-1 + b - -3). What is the units digit of (24/10)/(6/u)?
8
Let f be (112/(-21))/((-2)/3). What is the units digit of f/((-42)/11 - -4)?
4
Suppose 2 = -3*t - 4. Let h be 3/((-3)/t) + 5. Suppose 0*u + h = u. What is the units digit of u?
7
Let k(p) = -p**3 + 3*p**2 + 5*p + 3. Let g(x) = x**2 - 6*x + 9. Let f be g(5). What is the units digit of k(f)?
7
Let q = 106 + -46. What is the units digit of q?
0
Let o(r) = -12*r - 4*r**3 - 4 + 11*r - 5*r**2 + 3*r**3. Let p = 2 - 7. What is the units digit of o(p)?
1
Let f(z) = z**3 + 4*z**2. Let m be f(-4). Suppose -4*o + 3 + 37 = m. Suppose -5*h = -5 - o. What is the units digit of h?
3
Suppose 19 = -4*b + 2*y + 321, 68 = b - 2*y. What is the tens digit of b?
7
Let o be (3/1 + -4)/1. Let a be ((-3)/(-4))/(1/4). What is the units digit of a*2 + 0 + o?
5
Suppose a - 2 = -0. What is the units digit of a?
2
Let n(i) = i**2 - 3*i + 2. Let j be n(3). Suppose -2*s + 6 + j = 0. What is the units digit of (-10)/3*(-6)/s?
5
Let t(x) = -5*x + 17. What is the tens digit of t(-6)?
4
Suppose 2*b - 105 = -b. Suppose 2*f + b = 7*f. What is the units digit of f?
7
Let d be (-6)/9*1*-3. Suppose -5*f - 3*c = -6, -f - d*c - 3 = -0*c. Suppose -a + f*a - 12 = 0. What is the units digit of a?
6
Let x be (-16)/72 - 94/(-18). Suppose x*a - 7 - 48 = 0. What is the tens digit of a?
1
Let d = -270 + 386. What is the tens digit of d?
1
Suppose 0*d + 27 = 3*d. What is the units digit of d?
9
Suppose p + 3*j - 23 = 0, p = -3*p + j + 131. Suppose -p = 5*x - 102. What is the tens digit of x?
1
Let a = 21 + -93. Let h = a - -116. What is the units digit of h?
4
Let k = -5 + 3. Let s be k - -9 - (-2 - -4). Suppose 3*f + 12 = s*f. What is the units digit of f?
6
Suppose 2*x + 0*x + 5*s = 240, -4*x = -3*s - 480. What is the units digit of x?
0
Let g = -13 - -24. What is the units digit of g?
1
Let x be ((-146)/5)/((-10)/50). Suppose u - 4*u = -2*n - 112, -x = -4*u + 2*n. What is the units digit of u?
4
Let s(f) = -f**2 - f + 21. What is the units digit of s(0)?
1
Let o be 2/(-9) + 190/45. Suppose -o*m + 62 - 14 = 0. What is the units digit of m?
2
Suppose 0 = 15*r - 1115 - 2455. What is the hundreds digit of r?
2
Let s = -7 - -11. Suppose -s = -4*x, x = -3*i - 4*x + 20. What is the units digit of i?
5
Let s = -249 + 474. Suppose -q - 5*f = 4*q - s, 3*q - 5*f = 143. What is the units digit of (-2)/(-6) - q/(-6)?
8
Let j be 2 + -1 + 10/(-5). What is the units digit of 6/(j - (2 - 5))?
3
What is the units digit of -1 + -4*(1 - 2)?
3
Let a(y) be the third derivative of y**6/24 - y**5/60 + y**3/3 - 6*y**2. What is the units digit of a(2)?
8
Suppose 0 = -4*o - t - 30, 0*t = -o + t - 5. Let d(h) = -h**2 - 11*h + 6. What is the tens digit of d(o)?
3
Let b(n) be the first derivative of -n**3/3 - n**2 + n - 2. Let c(d) = -d. Let w(i) = b(i) - 2*c(i). What is the units digit of w(0)?
1
Let z(q) = -q**3 + 11*q**2 - 3*q + 11. Let g be z(11). What is the tens digit of 8/(-3)*297/g?
3
Let h(s) = s**3 - 3*s**2 + s + 3. Let a(b) = -b + 15. Let g be a(11). What is the units digit of h(g)?
3
Suppose 4*t + 3*n = -2*n - 5, 2*t - n = -13. Let o = t - -1. Let g(y) = 2*y**2 + 5*y - 1. What is the tens digit of g(o)?
1
Suppose 0 = 2*t - 3*t. Suppose 0*s + 5*s - 10 = t. What is the units digit of s?
2
Suppose u + 4*u = 585. What is the hundreds digit of u?
1
Let q(t) = 12*t**2 + 4*t + 9. Let v(o) = 23*o**2 + 8*o + 17. Let d(h) = -11*q(h) + 6*v(h). What is the units digit of d(-3)?
5
Let u = -4 - -6. Let j(x) = 3*x**2 + 5*x + 7. Let h(t) = -t**2 - 2*t - 3. Let a(p) = 5*h(p) + 2*j(p). What is the units digit of a(u)?
3
Suppose 4*f + 7 = 15. What is the units digit of f?
2
What is the hundreds digit of 1*-4 + -49 + 250?
1
Let u(i) be the first derivative of -30*i**2 - 16*i - 1. Let w(x) = -12*x - 3. Let v(m) = -2*u(m) + 11*w(m). What is the tens digit of v(-1)?
1
Let d = 0 - -3. Let n = 12 + d. What is the tens digit of n?
1
Suppose 6*y - 15 = 3*y. What is the units digit of y?
5
Let m = 50 + -28. What is the tens digit of (4 + -3)*1*m?
2
What is the units digit of (-2156)/(-70) - 1/(-5)?
1
Suppose -3*f + 5*z = -99, f - 2*z = -4*z + 44. What is the tens digit of f?
3
Suppose 0 = 2*a - 27 + 9. Suppose -5*y - a = 4*t - 65, -49 = -5*t - y. What is the units digit of t?
9
Suppose 0*p + 1200 = 5*p. What is the hundreds digit of p?
2
Let t(h) = -h**3 - 27*h**2 - 54*h - 19. What is the tens digit of t(-25)?
8
Suppose -5*p + 3*r + 30 = -2, 4 = 2*p + r. What is the units digit of p?
4
Let a be 15/(-20) - 19/(-4). Suppose 4*i - h = 40, -i + a*h = i - 6. What is the units digit of i?
1
Suppose 0 = 3*t + 10 + 29. Let p = -9 - t. What is the units digit of p?
4
Suppose -4*d + 6 = 2. Suppose 19 = 2*l + d. What is the units digit of l?
9
Let u = -23 + 44. What is the tens digit of u?
2
Suppose 0 = -13*d + 942 + 540. What is the tens digit of d?
1
Suppose 5*k + t + 0*t - 157 = 0, -2*k - 5*t = -49. Suppose 4*l = -k - 8. Let a = 29 + l. What is the units digit of a?
9
Suppose -6*b = -4*x - b + 24, 0 = -3*x - 3*b - 9. Let g be (-2)/(x - (-1)/(-3)). Let k = g - -6. What is the units digit of k?
3
Suppose -4*d - 11 = 2*x + 3, -2*d + 5*x = -11. What is the tens digit of d/((-4)/90*3)?
1
Let r(y) be the second derivative of y**3/3 + 9*y**2/2 + 4*y. What is the units digit of r(9)?
7
Suppose -20 = -q - 3. Suppose q = -2*f + 89. What is the units digit of f?
6
Let u = -5 + 5. Suppose -2*i + 2*a = -u*i, 5*i + 4*a = -27. Let v = -1 - i. What is the units digit of v?
2
Let x = 2 - -6. What is the units digit of x?
8
Let i = 5 - 6. Let w(h) = 4*h**2 + 2*h + 1. What is the units digit of w(i)?
3
Suppose 0 = -5*r + i + 12, 5*r + 4*i = 3*r + 18. What is the tens digit of 15 - (r + -2 + -3)?
1
Suppose -3*u + 24 = u. Suppose 4*m = -u + 14. Let f = m + -1. What is the units digit of f?
1
Suppose c + 2*c - 156 = 0. Let k = c - 23. What is the tens digit of k?
2
Suppose -12 = d + 5*p, d - 5*p - 6 - 12 = 0. Suppose -d*j - 5 = 148. What is the tens digit of j/2*(-4)/6?
1
Suppose -4*a + 0*a - 12 = 0. Let n = 6 + a. Suppose n*c - 16 - 20 = 0. What is the tens digit of c?
1
Let r = 2 + -3